 17*w**2 + 18*w + 12. Let y be j(9). Suppose l + 5*s - 411 = 0, -3*s = -9*l + 11*l - y. What is the hundreds digit of l?
4
Let b(q) = q**2 + 9 + 0 + 4*q + 0*q**2 + 3. Let z be b(-5). What is the units digit of z + (-2)/2*1?
6
Suppose -92*k = -102*k + 91760. What is the units digit of k?
6
Let c(k) = -139*k + 39. Let v(a) = -138*a + 40. Let r(p) = -3*c(p) + 4*v(p). Let h be r(-10). Suppose 0 = 8*t - h + 137. What is the units digit of t?
7
Suppose -30*f + 25*f = -i + 23, -3*i + 4*f + 14 = 0. What is the tens digit of 0 - (i/11 - 125490/110)?
4
Let f = -29 - 15. Let b = f - -40. What is the tens digit of (-1 - b/5) + (-444)/(-20)?
2
Let x = -9757 + 18621. What is the thousands digit of x?
8
Suppose -d = -3*d + f + 2878, 5*d - 3*f - 7197 = 0. Suppose 2*h + 3*z - d = 0, 4*h - 727 = -3*z + 2138. What is the hundreds digit of h?
7
Suppose 30*k = -17103 + 179793. What is the thousands digit of k?
5
Suppose n - 1924 = -n + m, 0 = -2*m + 8. Suppose -9*r + 8*r = -n. What is the units digit of r?
4
Let x(m) = -m**3 - 105*m**2 - 142*m - 1060. What is the hundreds digit of x(-105)?
8
What is the tens digit of 579832/72 - 2/9?
5
Suppose -23*u = -17*u - 12. Suppose d - 2705 = -4*m, -d + 1345 = u*m - 2*d. What is the units digit of m?
5
Let t(y) = 124*y - 898. What is the thousands digit of t(17)?
1
Let n be (29 + 0)/(-12 + 11). Let h = -23 - n. Suppose -h*a = -8*a + 128. What is the tens digit of a?
6
Suppose 0 = -94*b - 9*b + 5292964. What is the tens digit of b?
8
Let u = -10112 - -16216. Suppose -12*l + 4*l + u = 0. What is the units digit of l?
3
What is the hundreds digit of (3 + -4)*((-4 - (2 - -22799)) + 4)?
8
Suppose 0 = 4*i - 3*d - 17, -11*i - 5*d = -10*i - 10. Suppose -2539 = -i*z - 2*v, 0 = -5*z + 44*v - 45*v + 2542. What is the tens digit of z?
0
Let d(q) = q**2 + 9*q + 9. Let h be d(-9). Suppose 0 = h*y - 6*y - 15. Suppose 4*p - 196 = -4*j, y*j + p = 6*p + 295. What is the units digit of j?
4
Let d(m) = -m**2 - 100*m - 1. What is the thousands digit of d(-14)?
1
Let c be (-616)/18 + (-10)/(-45). Let t be 4/(-6)*1581/c. Suppose 0*i + i = t. What is the tens digit of i?
3
Let z = 17 - -31. Let g = z - 60. What is the tens digit of (-134)/(-6) - (-4)/g?
2
Let d = 167 + -163. Suppose -3*a - 2095 = -6*a + d*m, 3*a - 2105 = -m. What is the hundreds digit of a?
7
Suppose 2*b + z = 42828, -64235 = -3*b + 14*z - 19*z. What is the thousands digit of b?
1
What is the hundreds digit of ((-2)/8)/((-2)/66112)?
2
Let x(s) = 2612*s**2 + 59*s - 57. What is the units digit of x(1)?
4
Suppose -3*y + 23566 - 2110 = s, -4*s + 85824 = -2*y. What is the units digit of s?
6
Let x be (-42 - -29)/((-1)/2). Let t(o) = o**2 - 19*o - 105. What is the units digit of t(x)?
7
Let b = -6640 - -12597. What is the thousands digit of b?
5
Suppose 8*s - 11*s - 528 = 0. Let r = 245 + s. What is the tens digit of r?
6
Let o(j) = 27*j**2 - 21*j - 12. Let g be o(6). Suppose 5*i + g = 4069. What is the hundreds digit of i?
6
Let h = -509 - -775. Suppose -3*d - 9 = -0*d + 5*w, 3 = -w. Suppose 3*y - y = 2*f - 260, -d*f + 5*y = -h. What is the tens digit of f?
2
Let d(y) = -92*y - 3. Let g be d(-3). Suppose -4*c = 3*k - 2*k - 19, 0 = 3*k - 3*c + 3. Suppose -6*v = -k - g. What is the units digit of v?
6
Let c(k) = -413*k**3 + k**2 - 43*k - 98. What is the tens digit of c(-3)?
9
Suppose -s + 9*s - 168 = 0. Let q be 18/s*6 - (-1)/(-7). Suppose q*f - 115 = 180. What is the tens digit of f?
5
Let i(t) = t**3 - 26*t**2 + 48*t + 2. Let k be i(24). Suppose -5*p + 0*d = k*d - 1921, -3*d = -5*p + 1906. What is the hundreds digit of p?
3
Let h = -799 - -860. Suppose -h*q = -62*q + 1330. What is the thousands digit of q?
1
Let z be -4 + -11 - (2 - (-3)/(-3)). Let f(q) = -47*q - 33. Let i be f(z). Suppose -4*x + 3*t + i = 0, 3*t - 391 = -3*x + 122. What is the tens digit of x?
7
Let t = 871 + -852. Suppose -222 = -t*x + 177. What is the units digit of x?
1
Let r = 38716 - -1752. What is the tens digit of r?
6
Suppose 21453 = 2*x + 3*n, 6*x = x + 4*n + 53644. What is the thousands digit of x?
0
Let h be ((-1)/(-2))/((-17)/34). Let m(s) = 446*s**2 - 3*s - 1. Let t be m(h). Suppose 2*p - 297 = -3*x, 3*p - t = -8*x + 3*x. What is the hundreds digit of p?
1
Suppose 0 = -4*k + 4*m, 3 = -3*m - 6. Let t(c) = -53*c + 8. What is the units digit of t(k)?
7
Suppose -h = -9*h - 3*h. Suppose h = -5*n - 2*b + 1339, 3*b + 1070 = 4*n + 4*b. What is the tens digit of n?
6
Let g = -8388 - -12046. What is the hundreds digit of g?
6
Suppose -4*i + 4*w + 50152 = 0, -2*w + 29 = 33. What is the tens digit of i?
3
Suppose -116120 = 5*s - 8*s - 7*s. What is the hundreds digit of s?
6
Let j = 0 - 7. Let d(m) = m**3 + 6*m**2 - 8*m - 4. Let r be d(j). Suppose -z + r*z - 96 = -s, -5*z + s = -247. What is the tens digit of z?
4
Suppose 3*u + 6920 = 2*h - 959, 0 = -3*h + u + 11808. What is the units digit of h?
5
Suppose k - g + 1 - 14 = 0, 4*k - 2*g - 58 = 0. Suppose -4*c - 8 = -k. Suppose -m - 6*v = -v - 124, -c*v - 138 = -m. What is the hundreds digit of m?
1
Suppose -8*d + 27059 = 3475. Suppose 0 = -15*o + 11*o + 12, 5*j = -o + d. What is the units digit of j?
9
Suppose -116 = -x + 2*c, -c - 625 = -33*x + 28*x. What is the tens digit of x?
2
Suppose 0 = -s - m - 56 - 25, -2*m - 240 = 3*s. Let t be 8/8 + 1/((-3)/s). Suppose -3*i + 5*h = -98, -2*h = i + 2*h - t. What is the units digit of i?
1
Let m = 4294 - 3126. What is the hundreds digit of m?
1
Suppose 1 = m + 3*j, 5 = -6*m + 7*m + 2*j. Suppose -m = -3*n + 4*f, 5*n + f = 5*f + 19. What is the units digit of n?
3
What is the units digit of ((-4)/(2*(-65)/(-66482)))/((-2)/25)?
0
Let t(o) = -o**2 - 9*o + 925. Let n be t(0). Let l = -423 + n. What is the hundreds digit of l?
5
Let p = 11022 - 6607. What is the thousands digit of p?
4
Suppose -9*s = -3*s + 2988. What is the units digit of s/(-9)*30/4?
5
Suppose 0 = 2*a + 2*g + g - 194, 2*g + 184 = 2*a. Suppose -90*h - 3144 = -a*h. What is the tens digit of h?
8
Let m(t) = -48*t + 7652. What is the tens digit of m(31)?
6
Let y(n) = -n**3 - n**2 - 111. Let v be y(0). Let t = -52 - v. What is the units digit of t?
9
Suppose -4*g + 5*g = 5*u - 956, -5*g = 5*u + 4780. Let s = g + 446. What is the tens digit of 2/(-4)*(-21)/((-63)/s)?
8
Suppose 3*y - 4090 = -t + 2991, 3*t = 2*y - 4717. What is the hundreds digit of y/(-15)*(-3)/2?
2
Suppose -41*d + 44*d - 2*k - 15111 = 0, -4*k = -3*d + 15105. What is the thousands digit of d?
5
Let h(f) be the first derivative of -119*f**2/2 + 17*f + 96. What is the hundreds digit of h(-2)?
2
What is the thousands digit of (-6)/(-9)*3/7 + 14483045/1435?
0
Suppose 0 = -d + 5*r - 10*r - 17, -4*d + 4*r = 44. Let n be (-3 - 45/d)*4 - 0. Suppose n*x - 149 - 97 = 0. What is the units digit of x?
2
Let n(t) = 8*t - 1. Let f(l) = -39*l + 6. Let u(y) = 4*f(y) + 22*n(y). Suppose 14*r = 6*r + 48. What is the hundreds digit of u(r)?
1
Suppose -391005 = 102*x - 106*x - 3*o, 0 = 3*x - 4*o - 293285. What is the thousands digit of x?
7
Let m(f) be the second derivative of 5*f**3/3 - 27*f**2/2 + 4*f. Let o be 2 + (4/20 - 38/(-10)). What is the units digit of m(o)?
3
Suppose -32852 = -3*a + 5*r, 2*a - 39*r = -44*r + 21868. What is the tens digit of a?
4
Let g(n) = 51 + 5*n**2 - 46 - 14*n + 4*n. Let w be g(4). Suppose 5*k = w + 225. What is the tens digit of k?
5
Let h(k) = 23*k - 14. Let g(c) = c - 7. Let v be g(2). Let p be h(v). Let d = 281 + p. What is the hundreds digit of d?
1
Suppose 4*x = 0, 3915 = y - x - 2967. Suppose -y = -42*d + 11*d. What is the hundreds digit of d?
2
Suppose 0 = 4*m - 71 - 21. Suppose 19*s = m*s - 20. Suppose -s*p = 19 - 109. What is the units digit of p?
8
Suppose 0*y = -2*o - 5*y - 47, 4*y + 42 = -2*o. What is the units digit of (-5909)/o + (70/(-22) - -3)?
7
Let c(f) = 6*f - 5. Let o be c(5). Suppose 10*p + o = 5*p. Let s(a) = 4*a**2 + 8*a + 10. What is the tens digit of s(p)?
7
Let j(t) = t**3 - 2*t**2 - t + 1. Let c be j(3). Suppose 0*q - 33 = l - 3*q, -3*l = 2*q + 77. Let u = c - l. What is the tens digit of u?
3
Let z(r) = -r**3 - 1 - 22*r**2 + 22 - 2 + 24*r. Let m be z(-23). What is the units digit of (-148)/6*m*3?
6
Let g = 26802 - 2415. What is the tens digit of g?
8
Suppose 2*r - 5*u + 199 = 0, 12*r - 8*r - 4*u = -392. Let y = r - -97. Suppose -3*j = 2*n - 57 - 2, -2*j - 2*n + 